ppose -5*p = 2*l - 4*p + 3, 4*p + 12 = 0. Let m be (l - 3)*10/(-6). What is u(m)?
11
Let s(d) be the first derivative of 5*d - 11 + 1/2*d**2. What is s(-4)?
1
Suppose 3*h + 0 = -9. Let c = h + 11. Let n(d) = -5*d**3 + 9*d - c*d + 2*d**3. Calculate n(1).
-2
Let q(p) be the first derivative of -p**4/4 + 5*p**3/3 + p**2 - 7*p + 39. Calculate q(5).
3
Let m = 212 + -210. Let s(x) be the second derivative of x**3/3 - x**2/2 + 3*x. Determine s(m).
3
Let o = 52 + -57. Let j(p) = -4*p**3 - 5*p**2 + 16*p - 12. Let m(h) = -3*h**3 - 3*h**2 + 11*h - 8. Let i(y) = o*j(y) + 7*m(y). What is i(4)?
-8
Suppose 0 = -2*i + 4, 4*q + 3 = -i + 13. Let f be -1 + (1 - (q - -1)). Let c(d) = 11*d - 4. Let g(s) = 18*s - 9. Let x(r) = -5*c(r) + 3*g(r). Calculate x(f).
-4
Let m(c) = -2 + 3 + 2*c + 1. Suppose -2*x + 5*x = 9. Suppose -4*q = -5 - x. What is m(q)?
6
Suppose -o + 4 = 2*y - 29, 56 = 3*y - 5*o. Let u = y - 17. Let m(l) = -l**2 - l + 2. Let k be m(u). Let q(f) = -3*f + 1. Calculate q(k).
-5
Let x(y) = 3*y**2 + 5*y. Let v(p) = -4*p**2 - 5*p - 1. Let b(o) = 4*v(o) + 5*x(o). Calculate b(6).
-10
Let o(u) = 6*u**3 - 9*u**2 + 7*u + 10. Let k(m) = 13*m**3 - 16*m**2 + 13*m + 17. Let c(t) = 4*k(t) - 7*o(t). Calculate c(1).
10
Suppose -14 = 2*f - 18. Let m(k) be the first derivative of -f*k - 2 - 1/2*k**2. Determine m(-2).
0
Let a(p) be the second derivative of p**5/120 - p**4/24 - 23*p**3/6 + 22*p. Let k(c) be the second derivative of a(c). Let i = 20 + -14. Determine k(i).
5
Let b(t) = 5*t**3 - 5*t**2 - 8*t - 10. Let a(o) = -o**3 + o + 1. Let p(l) = 6*a(l) + b(l). Let x = 32 + -37. Determine p(x).
6
Let t(p) = 68*p + 196. Let a be t(-3). Let o(g) = -g**3 - 9*g**2 - 8*g. Determine o(a).
0
Let c(u) = 42*u. Let b(y) = y. Let a(k) = 36*b(k) - c(k). Calculate a(-2).
12
Let h(c) = -c**2 - 5*c - 11. Suppose -4*s + 20 = 0, 4*t + 2*s + 25 = 3*s. Determine h(t).
-11
Suppose 0 = -2*a - 2*a - 12, 3*g - 36 = 3*a. Let h(r) = -r**2 + 9*r - 11. Calculate h(g).
-11
Let w be 57/(-2)*-2 + (10 - 9). Let j = w - 59. Let l(q) = 4*q + 1. Calculate l(j).
-3
Let k(a) = -13*a - 1. Let u(f) = -15*f**2 + 1. Let y be u(0). Give k(y).
-14
Let r(y) = 0 + 6 + 16 + 14 - 2*y - 6. Calculate r(16).
-2
Let i(c) be the second derivative of c**5/20 - c**4/4 - c**3 + 2*c**2 + 13*c - 1. Let z(o) = 3*o**2 - 2*o - 1. Let y be z(-1). What is i(y)?
-4
Suppose -3*j = 2*d - 16, 4*d = 5*j - 0*j - 12. Let z(r) = -4*r + 2. Let l(i) = 5*i - 1. Let h(x) = 2*l(x) + 3*z(x). Give h(j).
-4
Let j(s) = -s**2 - 3*s + 1. Suppose -6*p + 27 = -51. Suppose 4*g = -5*i + p, -5*i + 22 = 2*g - g. Let o be (i/(-3))/(3/9). Calculate j(o).
-9
Let g = -6 + 19. Let j = g - 8. Let u(c) be the second derivative of -c**5/20 + c**4/2 - c**3 + 5*c**2/2 - 20*c. What is u(j)?
0
Let q(h) = h**3 + 11*h**2 - 2*h - 15. Let v be q(-11). Suppose -4 = g - v. Let t(f) = -10*f - 8 + 9*f + g. Give t(-7).
2
Let h(y) = y**3 + 4*y - 3. Suppose j = 29 + 36. Suppose 4*q + j = 73. What is h(q)?
13
Let i(x) = x - 2. Suppose -92*c + 459 = -185. What is i(c)?
5
Let f(v) = 1 - 3 + 1 - v. Let y(n) = -2*n**2 + 28*n - 99. Let x be y(6). Calculate f(x).
2
Let t(j) = -2*j**2 - 5*j - 3. Suppose -i = 5*i - 18. Let s be (-90)/20*2/i. What is t(s)?
-6
Let x(y) = y**3 + 4*y**2 + 2*y - 1. Let g = -9 - -21. Let p be 3 - 22 - 4*-1. Let c = p + g. Calculate x(c).
2
Let n(m) be the first derivative of -2*m**2 + m + 5. Let d(r) = r**3 + 23*r**2 - 49*r + 24. Let w be d(-25). What is n(w)?
5
Let j(y) = -y**2 + y - 4. Suppose 15*t - 69 = -24. Calculate j(t).
-10
Suppose -5*y + 27 = 4*y. Let f(c) = -14*c**2 + 4*c - y*c**3 + 12*c**2 + 2*c**3. Calculate f(-3).
-3
Suppose -15*p + 40*p = 25. Let d(k) = -24*k**2 - 2*k + 1. Calculate d(p).
-25
Suppose 5*i = 2*l - 1 - 3, -5*i = 0. Let z(p) = -p + 6 - 3 - l + 2*p**2 + 1. Let w be z(1). Let y(j) = -j**2 + 4*j - 4. What is y(w)?
-1
Suppose 3*f - 60 = -36. Suppose z = -0*u - 4*u + 28, -4*z = u + f. Let a(q) = -q**3 + 9*q**2 - 9*q + 2. What is a(u)?
-6
Let i(g) = -g**2 + 3*g - 1. Let j(f) = f**3 + 2. Let l be j(0). Suppose a + 5 = 5*t - 2*t, l*a + 6 = 4*t. Suppose -3 = -t*c + c. What is i(c)?
-1
Let c(l) = 3*l**2 + 3*l - 172. Let t be c(-8). Let u(k) = 3*k**2 + 6*k + 3. What is u(t)?
27
Let l(a) = -a - 2. Suppose -b + 26 - 25 = 0. Let w(v) = 2*v**3 + v**2. Let i be w(b). Give l(i).
-5
Let o = 243 + -244. Let q(j) = 7*j**2 + j + 1. Determine q(o).
7
Suppose 9*g - 48 = -66. Let o(b) = -2*b - 9. Calculate o(g).
-5
Suppose 34*n - 38*n - 32 = 0. Let a(d) = d**3 + 8*d**2 - 2*d - 13. What is a(n)?
3
Let u = -14 + 8. Suppose 0 = 2*n - 6*n + 28. Let g(v) = -2 - 3*v + 0*v - n. Calculate g(u).
9
Let f(h) = 3*h**2 + 34*h + 71. Let j be f(-9). Let t(u) be the first derivative of -u**3/3 + 3*u**2 + 11*u - 1. Give t(j).
-5
Let i(c) = -c**3 + 2*c**2 + 5*c - 3. Let r be i(3). Let z(y) = y. Let h(s) = -8*s + 97 - 97. Let n(l) = 2*h(l) + 18*z(l). Calculate n(r).
6
Let b be (-8)/(1 + 1) - -6. Suppose b*k + 3*v = 27, 2*v + 72 = 5*k + 14. Suppose 2*t + 20 = 6*t, 4*t = -4*u + k. Let y(c) = c**3 + 2*c**2 + 3*c. Calculate y(u).
-6
Let q = -85 - -81. Suppose j - 2 - 3 = 0. Let f(z) = 1 - 4*z + j*z + z. Calculate f(q).
-7
Let g = -6 - -4. Let v(l) = 679*l - 2*l**3 - 4*l**2 - 334*l + 0*l**3 - 348*l. Give v(g).
6
Let g(d) = -3919 + 3915 + 32*d**2 - 6*d + 7*d - d + d**3. What is g(-32)?
-4
Let o = -15 + 19. Suppose -o*i = -7 + 3. Let g = -1 + i. Let l(h) = -h**3 + h**2 + h - 6. Calculate l(g).
-6
Let l be (-5)/(-1) - (-1 + 1). Let a = -6 + l. Let g(t) = 114*t**2 - 4*t**3 - 9 - 113*t**2 + 8. What is g(a)?
4
Let h(k) be the second derivative of k**4/4 + k**3/6 - k**2 - 2*k. Let q be (-8)/(-6)*9/6. Let d(s) = s**2 - s. Let c be d(q). Determine h(c).
12
Let o(w) be the third derivative of -w**9/6048 + w**8/10080 - w**7/5040 - w**5/6 + 2*w**2. Let h(l) be the third derivative of o(l). Determine h(1).
-9
Let h(f) be the second derivative of f**5/20 - f**4/2 - 4*f**3/3 + 5*f**2/2 + 18*f. Calculate h(7).
-2
Let f(s) = 5*s**3 - 163 + s - 4*s**3 + 162 + 2*s**2. What is f(-2)?
-3
Let b(a) = a**2 + 7*a + 4. Let r(d) = d**3 - 35*d**2 + 36*d - 73. Let w be r(34). Determine b(w).
-6
Suppose -2*o = -16 + 12. Suppose o*v - 2 = -t, 0 = -0*v - 4*v + 2*t + 12. Let z(p) = -1 - 4*p**2 + p**3 - 4 - 6*p - 3*p**2 + 2*p**v. What is z(6)?
-5
Let j be 3/4*(-8)/(-3). Let v(a) = 13*a**2 - 4*a**j - 261 + 262. Calculate v(-1).
10
Let z(q) = 0*q + 4*q + q**2 - 4*q - 21*q**3. Let u = 17 + -16. What is z(u)?
-20
Let f = -235 - -237. Let x(u) = 7*u + 1. Calculate x(f).
15
Let t(n) = n**2 - n - 6. Let s(h) = 3*h + h + 2*h - h**2 + 5*h - 13. Let b be s(10). Let c be (0/(12/b))/3. Determine t(c).
-6
Let k = -712 + 709. Let o(v) = v**3 + 4*v + 4. Determine o(k).
-35
Suppose 5*m = m + 3*s, 0 = -4*m + 2*s. Let y(k) = -k**3 - k**2 + 9. Give y(m).
9
Let f = -470 - -467. Let y(m) = m - 4. Give y(f).
-7
Let t(a) = -a + 1. Let n(x) = 4*x - 12. Let v(q) = -n(q) - 5*t(q). Give v(0).
7
Let w(m) = 25*m - 3*m - m**2 - 7*m + 5 - 9*m - 10*m. Let d be (3/5)/((-1)/(-5)). Let u be (2 - 17)/d*1. Calculate w(u).
0
Let h(d) = d + 9. Let m be (-4)/((-2 - -3) + -2). Let o(b) = b + 11. Let l(q) = m*h(q) - 3*o(q). Give l(-2).
1
Let y(w) = w**2 - 1 + 2 - 3*w + w - 21*w**3. Determine y(1).
-21
Let t(h) = 3*h - 9. Let i be -1 - 7/(56/(-48)). Give t(i).
6
Suppose 19 = 5*k - 2*d, 0 = 2*k + 3*d + d - 22. Let c = 1 + -6. Let g = k + c. Let y(t) = t**3 + t - 6. Calculate y(g).
-6
Suppose 3*v + 9 = 2*v. Let l be 0 + (1 - v/3). Let m(n) = -4*n - 3 + l*n - 8*n**2 + 7*n**2. Determine m(0).
-3
Let h(q) = -q + 5. Let n be 10*(1 + 9/(-6)). Let y = 0 - n. Suppose 5*m - 29 = -g + y*g, 4*m - 23 = 3*g. Determine h(m).
0
Suppose 2*c = 4*g - 2*g - 48, 5*g = 3*c + 74. Let l = c + 17. Let s = 0 - l. Let w(y) = y**3 - 6*y**2. Give w(s).
0
Let g be ((-16)/3 - -4)*627/(-44). Let k(r) = r**2 - 21*r + 26. Give k(g).
-12
Suppose 4*o + 8 = 0, 2*s = -4*o + 3 + 3. Suppose 0 = -15*g + s + 23. Let l(i) = i - 3. Determine l(g).
-1
Let u = -187 + 178. Let j(w) = -2*w - 20. What is j(u)?
-2
Let w(j) be the third derivative of -j**4/24 - 17*j**3/6 + j**2. Let g(b) = 190*b + 570. Let m be g(-3). Determine w(m).
-17
Let o be 39/((-6)/(-2)) + 3. Suppose 3*r - s = -o, -2*r + s - 4 = -3*s. Let l(g) = g**3 + 5*g**2 - 4*g - 2. What is l(r)?
-14
Let b(r) = -r**3 + r**2 + 4*r + 1. Let